85?
False
Is 3813 a factor of 533700210?
False
Is 239682150 a multiple of 45?
True
Is 512 a factor of 878555728?
False
Is 97354800 a multiple of 20?
True
Does 1802 divide 30316429?
False
Does 458 divide 2402363?
False
Does 178 divide 895306892?
True
Is 2 a factor of 127892098?
True
Is 1681511684 a multiple of 1649?
True
Does 9290 divide 5519089665?
False
Does 19 divide 2309556286?
True
Does 33 divide 385221504?
False
Is 253 a factor of 102039045?
False
Is 182522721 a multiple of 74?
False
Is 81057198 a multiple of 138?
True
Is 89953137 a multiple of 901?
True
Is 1622 a factor of 94405266?
True
Does 16 divide 1006717110?
False
Is 75063131 a multiple of 3180?
False
Is 128566649 a multiple of 46?
False
Is 38 a factor of 905446938?
True
Is 126634912 a multiple of 146?
False
Does 543 divide 16250361?
True
Does 3223 divide 74585392?
False
Is 70 a factor of 72477414?
False
Does 31 divide 76003052?
False
Is 1325988630 a multiple of 2939?
True
Does 1215 divide 95569470?
True
Is 1671363 a multiple of 13?
False
Is 1745031399 a multiple of 2649?
True
Does 481 divide 20384873?
False
Is 321 a factor of 303678840?
True
Is 596 a factor of 76999978?
False
Does 1642 divide 405472196?
True
Is 1055717532 a multiple of 1686?
False
Is 1057 a factor of 347403133?
True
Is 248140510 a multiple of 4?
False
Is 351185397 a multiple of 191?
True
Is 232 a factor of 367078382?
False
Is 6673801 a multiple of 27?
False
Is 1183435257 a multiple of 489?
True
Is 9 a factor of 89211978?
True
Is 30909879 a multiple of 11?
True
Is 55545300 a multiple of 265?
False
Is 3616630957 a multiple of 37?
False
Is 57540462 a multiple of 14?
True
Does 26 divide 879095308?
True
Is 3 a factor of 11965348?
False
Is 8337734 a multiple of 634?
True
Is 25765740 a multiple of 1820?
True
Is 15281928 a multiple of 802?
False
Is 2880 a factor of 15473540?
False
Is 300767355 a multiple of 469?
True
Does 25 divide 874081000?
True
Does 180 divide 3705041?
False
Does 222 divide 304527612?
True
Does 21 divide 459802711?
False
Is 4779617 a multiple of 350?
False
Does 1622 divide 24252144?
True
Is 914 a factor of 177866228?
True
Is 137 a factor of 191715334?
True
Does 52 divide 1437085093?
False
Does 56 divide 33805296?
True
Is 94414824 a multiple of 252?
True
Does 69 divide 47038749?
True
Does 5238 divide 2404235803?
False
Is 2684845035 a multiple of 3739?
True
Is 161583876 a multiple of 122?
True
Is 40 a factor of 40661320?
True
Does 112 divide 63202496?
True
Is 356 a factor of 106308398?
False
Is 134 a factor of 3063160002?
True
Is 108 a factor of 421888847?
False
Does 797 divide 20264689?
False
Is 522613150 a multiple of 295?
True
Does 363 divide 162655218?
True
Is 616306643 a multiple of 1233?
False
Is 416413580 a multiple of 1420?
True
Is 6833 a factor of 81196229?
False
Is 173 a factor of 135535363?
False
Is 800634401 a multiple of 718?
False
Does 39 divide 45059221?
False
Is 59295628 a multiple of 193?
False
Is 447 a factor of 61283059?
False
Does 4 divide 20952646?
False
Is 1131 a factor of 64678497?
True
Does 555 divide 11437440?
True
Is 6 a factor of 2999965284?
True
Is 355067592 a multiple of 4686?
True
Is 269428021 a multiple of 16?
False
Is 1058 a factor of 1108911642?
False
Does 25 divide 73995175?
True
Is 111728380 a multiple of 52?
False
Is 1182885356 a multiple of 56?
False
Is 5 a factor of 697035?
True
Does 294 divide 137848074?
True
Is 3641598 a multiple of 486?
True
Is 498970 a multiple of 41?
True
Does 176 divide 605181104?
True
Is 1046732185 a multiple of 397?
True
Is 33009540 a multiple of 4?
True
Does 9 divide 738917?
False
Is 11108472 a multiple of 17?
False
Does 59 divide 38520589?
False
Does 4641 divide 255143616?
True
Is 552090087 a multiple of 168?
False
Is 200647747 a multiple of 80?
False
Is 668401920 a multiple of 320?
True
Is 19035612 a multiple of 93?
True
Does 35 divide 445326257?
False
Is 1677354749 a multiple of 1859?
False
Is 30 a factor of 1453282320?
True
Is 436386510 a multiple of 369?
False
Is 25218204 a multiple of 33?
True
Does 20 divide 15810152?
False
Is 169 a factor of 248742312?
True
Is 2883 a factor of 100798329?
True
Is 19638918 a multiple of 78?
True
Does 1157 divide 389730822?
True
Is 7350 a factor of 454722450?
True
Is 14 a factor of 310352454?
False
Is 5559558 a multiple of 4801?
True
Is 220 a factor of 604216033?
False
Is 1267938 a multiple of 22?
False
Is 4 a factor of 1451384?
True
Is 412 a factor of 30481795?
False
Does 49 divide 39785011?
True
Does 8 divide 13284984?
True
Is 153417941 a multiple of 41?
True
Is 42845635 a multiple of 1627?
False
Is 687 a factor of 22722147?
False
Is 8 a factor of 91812176?
True
Is 24577270 a multiple of 67?
False
Is 45 a factor of 8741745?
True
Is 11 a factor of 1984886321?
True
Is 604179578 a multiple of 5?
False
Is 99106007 a multiple of 21?
False
Does 203 divide 4734163?
True
Is 48 a factor of 34018801?
False
Is 5088720 a multiple of 624?
True
Is 471796438 a multiple of 8?
False
Does 77 divide 18638543?
True
Does 348 divide 17579915?
False
Is 709 a factor of 45123596?
True
Is 61 a factor of 426311858?
False
Does 13 divide 7229905449?
True
Is 96 a factor of 53970427?
False
Does 15 divide 15214016?
False
Is 30037626 a multiple of 1451?
False
Does 486 divide 117741276?
True
Is 23 a factor of 603657745?
False
Is 42660456 a multiple of 229?
False
Is 55 a factor of 582595626?
False
Does 12 divide 178737465?
False
Is 3679674 a multiple of 58?
False
Does 10 divide 1952019640?
True
Is 1492 a factor of 1013780389?
False
Does 29 divide 24633818?
True
Is 18296558 a multiple of 1106?
True
Is 67 a factor of 153940004?
True
Is 15938246 a multiple of 5?
False
Is 187473802 a multiple of 480?
False
Does 30 divide 366947010?
True
Is 8727643 even?
False
Is 37816609 a multiple of 120?
False
Is 43 a factor of 31020098?
False
Does 1126 divide 184665126?
True
Is 243 a factor of 622711855?
False
Does 2039 divide 59974675?
False
Does 50 divide 69246697?
False
Is 31632593 even?
False
Does 1950 divide 65735998?
False
Does 29 divide 132053077?
False
Does 672 divide 50961792?
True
Is 1974 a factor of 133156170?
True
Does 1182 divide 568952288?
False
Is 170 a factor of 1137083420?
True
Does 223 divide 54172944?
True
Does 39 divide 83797623?
True
Does 20 divide 46717340?
True
Does 2241 divide 2886146295?
False
Is 867145140 a multiple of 545?
True
Is 9 a factor of 111065846?
False
Is 2254 a factor of 322193037?
False
Is 593374840 a multiple of 40?
True
Does 807 divide 181845345?
True
Is 2744828006 a multiple of 2483?
False
Does 261 divide 1577733?
False
Is 106527552 a multiple of 16?
True
Is 1294 a factor of 240611852?
False
Is 126434 a multiple of 22?
True
Does 5 divide 20662615?
True
Is 8 a factor of 590337008?
True
Does 42 divide 1854384504?
True
Does 9 divide 313445844?
True
Is 27330745 a multiple of 13?
True
Is 923601202 a multiple of 46?
True
Does 139 divide 43446813?
True
Is 653203091 a multiple of 5839?
True
Is 10991760 a multiple of 11?
False
Is 2902697599 a multiple of 8359?
False
Does 882 divide 26534971?
False
Is 12 a factor of 46608985?
False
Does 105 divide 57669808?
False
Does 784 divide 412410656?
True
Does 117 divide 581954841?
True
Does 1282 divide 12227716?
True
Is 375093369 a multiple of 3189?
True
Does 213 divide 41162489?
False
Is 767815404 a multiple of 5644?
True
Is 183 a factor of 107096358?
True
Does 49 divide 596651582?
False
Does 462 divide 159786975?
False
Does 34 divide 2095289165?
False
Is 4373977 a multiple of 431?
False
Is 126821560 a multiple of 1388?
True
Does 2401 divide 12153862?
True
Does 13 divide 88146260?
False
Is 518123 a multiple of 12?
False
Does 48 divide 30738201?
False
Does 325 divide 52919750?
True
Is 74 a factor of 138471316?
True
Is 4229156 a multiple of 1167?
False
Does 3 divide 70510974?
True
Does 443 divide 20120804?
False
Does 200 divide 33899595?
False
Is 139695799 a multiple of 3?
False
Does 25 divide 13504871?
False
Is 1177 a factor of 346241621?
True
Is 245 a factor of 29360020?
False
Is 16 a factor of 8325440?
True
Is 1325 a factor of 315685225?
True
Is 9 a factor of 1665047820?
False
Is 145933843 a multiple of 11?
True
Does 22 divide 661809632?
True
Is 74737712 a multiple of 578?
True
Does 4863 divide 5661859599?
True
Is 211518720 a multiple of 86?
True
Is 86320731 a multiple of 191?